or of 364 and 1547?
91
What is the highest common divisor of 867 and 102?
51
Calculate the highest common divisor of 3924 and 108.
36
Calculate the greatest common divisor of 21 and 609.
21
Calculate the greatest common factor of 28 and 452.
4
What is the greatest common factor of 32 and 4?
4
Calculate the greatest common divisor of 1515 and 15.
15
Calculate the greatest common factor of 910 and 13.
13
What is the highest common divisor of 62 and 434?
62
What is the highest common divisor of 481 and 111?
37
What is the highest common divisor of 78 and 4082?
26
What is the highest common factor of 59 and 8378?
59
What is the greatest common factor of 1210 and 770?
110
What is the greatest common factor of 5088 and 96?
96
Calculate the highest common divisor of 8 and 32.
8
Calculate the highest common factor of 6070 and 10.
10
What is the greatest common factor of 510 and 22746?
102
Calculate the greatest common factor of 99 and 22.
11
Calculate the highest common divisor of 672 and 98.
14
Calculate the greatest common factor of 4085 and 760.
95
Calculate the highest common factor of 384 and 112.
16
What is the highest common divisor of 8 and 1944?
8
Calculate the highest common factor of 3730 and 10.
10
What is the greatest common divisor of 16 and 5256?
8
What is the highest common factor of 35 and 49?
7
Calculate the greatest common divisor of 24 and 1272.
24
What is the greatest common factor of 119 and 34?
17
What is the highest common factor of 3965 and 61?
61
What is the highest common divisor of 494 and 323?
19
What is the greatest common factor of 90 and 2055?
15
Calculate the highest common factor of 2839 and 34.
17
What is the highest common divisor of 455 and 1715?
35
Calculate the greatest common divisor of 978 and 10.
2
What is the greatest common factor of 72 and 1764?
36
What is the highest common factor of 4208 and 24?
8
Calculate the highest common factor of 68 and 340.
68
What is the greatest common divisor of 4 and 252?
4
What is the highest common factor of 12 and 12?
12
What is the highest common factor of 444 and 60?
12
Calculate the highest common divisor of 176 and 24.
8
Calculate the highest common factor of 41 and 1.
1
Calculate the highest common factor of 1358 and 14.
14
Calculate the highest common factor of 7 and 791.
7
Calculate the greatest common divisor of 76 and 22762.
38
What is the greatest common divisor of 37 and 1443?
37
Calculate the highest common factor of 39 and 13.
13
What is the highest common factor of 2528 and 768?
32
What is the greatest common divisor of 30 and 1920?
30
What is the highest common factor of 412 and 2575?
103
What is the highest common factor of 6168 and 42?
6
What is the greatest common divisor of 3014 and 858?
22
What is the highest common divisor of 14 and 21?
7
What is the greatest common divisor of 604 and 4?
4
Calculate the greatest common divisor of 371 and 106.
53
Calculate the highest common divisor of 32 and 112.
16
What is the greatest common divisor of 893 and 19?
19
What is the highest common divisor of 8 and 26?
2
What is the highest common divisor of 175 and 112?
7
What is the highest common divisor of 4802 and 70?
14
What is the highest common factor of 1206 and 18?
18
What is the highest common divisor of 1416 and 24?
24
What is the highest common factor of 5 and 9?
1
What is the highest common divisor of 25 and 1975?
25
What is the greatest common divisor of 35 and 189?
7
What is the greatest common divisor of 44 and 55?
11
What is the greatest common divisor of 915 and 3?
3
What is the highest common factor of 38 and 342?
38
Calculate the greatest common divisor of 102 and 12.
6
What is the highest common factor of 546 and 13?
13
What is the greatest common divisor of 884 and 680?
68
Calculate the greatest common factor of 3744 and 117.
117
Calculate the greatest common divisor of 7169 and 107.
107
What is the highest common divisor of 2184 and 78?
78
Calculate the greatest common factor of 81 and 36.
9
Calculate the greatest common factor of 26 and 858.
26
Calculate the greatest common divisor of 11023 and 151.
151
Calculate the highest common divisor of 814 and 37.
37
Calculate the greatest common divisor of 2839 and 34.
17
What is the highest common divisor of 9 and 51?
3
Calculate the highest common factor of 232 and 8.
8
What is the highest common divisor of 8 and 128?
8
What is the greatest common factor of 132 and 24?
12
Calculate the greatest common divisor of 181 and 1.
1
What is the highest common factor of 255 and 60?
15
Calculate the greatest common factor of 86 and 2709.
43
What is the greatest common divisor of 26 and 247?
13
Calculate the greatest common divisor of 256 and 48.
16
What is the greatest common factor of 100 and 320?
20
Calculate the highest common factor of 63 and 525.
21
What is the highest common divisor of 2021 and 141?
47
What is the greatest common divisor of 21520 and 80?
80
Calculate the greatest common factor of 957 and 11.
11
Calculate the highest common factor of 5516 and 28.
28
What is the greatest common divisor of 40 and 36?
4
What is the highest common factor of 82 and 10250?
82
Calculate the greatest common factor of 34 and 782.
34
Calculate the greatest common divisor of 60 and 960.
60
Calculate the greatest common divisor of 192 and 2040.
24
Calculate the highest common factor of 112 and 304.
16
Calculate the highest common factor of 99 and 880.
11
Calculate the greatest common factor of 150 and 22700.
50
What is the highest common divisor of 525 and 210?
105
What is the greatest common factor of 659 and 2?
1
What is the greatest common factor of 286 and 22?
22
What is the greatest common divisor of 110 and 55?
55
Calculate the highest common divisor of 754 and 116.
58
What is the highest common divisor of 21 and 5901?
21
What is the highest common divisor of 256 and 16?
16
Calculate the highest common factor of 108 and 6444.
36
What is the highest common divisor of 20 and 80?
20
What is the greatest common factor of 1 and 23?
1
What is the greatest common divisor of 3649 and 164?
41
What is the greatest common factor of 42 and 126?
42
Calculate the greatest common factor of 340 and 6715.
85
What is the highest common divisor of 28 and 350?
14
Calculate the highest common divisor of 27 and 387.
9
What is the highest common factor of 5071 and 22?
11
Calculate the greatest common divisor of 68 and 60.
4
Calculate the highest common divisor of 175 and 6475.
175
What is the greatest common divisor of 51 and 969?
51
Calculate the greatest common factor of 21449 and 178.
89
Calculate the highest common divisor of 340 and 84.
4
What is the highest common factor of 16 and 5968?
16
Calculate the greatest common divisor of 40 and 320.
40
Calculate the greatest common factor of 45 and 15.
15
Calculate the highest common factor of 21 and 429.
3
Calculate the greatest common divisor of 5 and 10.
5
Calculate the greatest common factor of 473 and 44.
11
What is the highest common divisor of 287 and 133?
7
What is the greatest common divisor of 1672 and 38?
38
What is the highest common factor of 33 and 44?
11
What is the greatest common factor of 5 and 50?
5
What is the highest common factor of 160 and 135?
5
Calculate the highest common divisor of 598 and 22425.
299
Calculate the greatest common factor of 48 and 156.
12
What is the highest common factor of 3132 and 378?
54
Calculate the highest common divisor of 685 and 822.
137
What is the greatest common divisor of 8 and 742?
2
What is the greatest common factor of 31380 and 60?
60
What is the greatest common factor of 1884 and 96?
12
Calculate the greatest common divisor of 17230 and 15.
5
Calculate the greatest common divisor of 30 and 30.
30
Calculate the highest common factor of 34 and 221.
17
What is the greatest common factor of 2770 and 20?
10
What is the greatest common divisor of 322 and 49?
7
What is the highest common divisor of 774 and 43?
43
What is the greatest common divisor of 391 and 34?
17
What is the greatest common divisor of 134 and 24?
2
What is the highest common factor of 87 and 145?
29
What is the greatest common divisor of 24 and 88?
8
What is the greatest common factor of 38 and 247?
19
Calculate the greatest common factor of 511 and 657.
73
What 